
0
Suppose 0 = -4*b - b + 20. Let l be (6/4)/(b/8). Let x(n) = 3*n + 1 - 5*n + 3*n. Calculate x(l).
4
Let s(h) = -7*h + 46. Let z be s(7). Let g(k) = -2*k**3 - 4*k**2 + 4*k. Give g(z).
6
Suppose -2*d - g = -3, 0 = d + 2*d + 5*g - 15. Let p(z) = 4*z + d*z - 6 - 4*z + 2*z. Calculate p(6).
6
Let i(t) = -4*t**2 - t + 4. Let z(c) = 5*c**2 - 5. Let p(y) = -6*i(y) - 5*z(y). What is p(4)?
9
Let q(v) = 4*v + 7. Let f = 2436 - 2438. Calculate q(f).
-1
Let r(u) = -39*u - 1. Let n(s) = 17*s. Let v(w) = 7*n(w) + 3*r(w). Determine v(-6).
-15
Let b = 20 - 11. Let r(o) be the first derivative of o**3/3 - 9*o**2/2 - 6*o + 650. Give r(b).
-6
Let a(w) = -w**2 - 4*w + 6. Suppose 2*g - 6*g + 46 = -2*h, 3*h - 21 = -3*g. Let n = g - 11. Let s be (n/(-2))/(5/(-60)). What is a(s)?
-6
Let v(u) = 2*u. Suppose 42*l = 25*l - 51. Determine v(l).
-6
Let z(t) = t**3 - 18*t**2 - 20*t + 21. Let y be z(19). Let m(k) be the second derivative of k**3/6 - 2*k**2 + 26*k. Determine m(y).
-2
Let d be ((-1008)/(-280))/(3 - (-34)/(-10)). Let h(r) = -r - 14. What is h(d)?
-5
Let x(q) = 2*q**2 - 3*q + 8. Let y be x(4). Let s be (-2 - (-72)/42)/((-2)/y). Let i(v) = 2*v + 1. Calculate i(s).
9
Let p(w) = -5*w + 4*w + 3*w + 2. Suppose 0 = -49*j - 326 + 179. Determine p(j).
-4
Let s(w) = -2*w + 0*w**3 - 4*w**2 - 2 + w**3 - 2*w**3. Suppose 5*f = 2*r - 18, 2*f + 4*r + 4 = 8*r. Let t be f + 4/1 + -3. Determine s(t).
-5
Let x(c) be the third derivative of -c**6/360 - c**5/60 + 7*c**3/2 + 31*c**2. Let d(a) be the first derivative of x(a). Calculate d(-4).
-8
Suppose 2*d - 4*s - 55 = -19, 0 = -5*d + 2*s + 74. Let l be ((-6)/21)/((-2)/d). Let x(c) = -c - 3*c**3 + 2*c**l - c**2 + c**2. Calculate x(1).
-2
Let d(m) be the second derivative of -m**5/20 + m**4/2 + m**3/3 - 6*m**2 + 37*m. Give d(6).
0
Let x(n) = -2*n**3 + n**2. Let k(d) = -13*d**3 + 8*d**2 + d. Let y(s) = k(s) - 8*x(s). Let q(l) = -l - 1. Let h be q(0). Determine y(h).
-4
Suppose 3*r - 3*b = -2*b, -r + 3*b + 8 = 0. Suppose 0 = 63*n - 64*n + 3. Let z(k) = 776*k + 4 + 4*k**3 - n + k**2 - 774*k. Give z(r).
-4
Let m(v) = 16*v + 13. Suppose 12 = 3*s - 9. Let x(q) = -11*q - 9. Let f(t) = s*x(t) + 5*m(t). Calculate f(-4).
-10
Let v(f) = -f**3 - f**2 - f - 24. Let m be 2/(3*(-5)/(-30)). Suppose 2*s = 2*r - 4*r - 8, r = -m. Calculate v(s).
-24
Let t(n) = -28*n - 192. Let i be t(-7). Let o(c) = c**3 - 4*c**2 - 3*c - 1. Give o(i).
-13
Suppose 5*r = -z + 13, -9*z + 4*z = -3*r - 9. Let g(x) = -z*x + x + 4*x - x. Give g(5).
5
Let y(c) = 2*c**2 + 1 + 5*c - 3*c**2 - 7*c - 2. Let n = 7 + -3. Suppose 4 = n*j + 8. What is y(j)?
0
Suppose -4*s + b = 3, s + b + 4*b = -27. Let h(i) = 2*i + 2. Determine h(s).
-2
Let m(u) = 5*u - 18. Let p be m(5). Let r(y) = 5 + y + 0*y - 2*y. Determine r(p).
-2
Let a(j) = 7 + 0*j**2 + 0*j**2 - 7*j - 2 + j**2. Let t be (-6)/30 + (-18)/10. Let w be (-3)/t - 42/(-12). Calculate a(w).
-5
Let h = 85 - 82. Let n(x) be the second derivative of 0*x**2 - 1/6*x**h + 5*x + 0 - x**4. Give n(-1).
-11
Let b be (5/140*-4)/((-4)/14). Let n(i) be the first derivative of -3*i - b*i**2 + 10. What is n(0)?
-3
Let s(h) = -8*h - 13. Let p(x) = -7*x - 12. Let g(n) = 6*p(n) - 5*s(n). Let a be g(-6). Let v(m) = -m + 12. Calculate v(a).
7
Let o(r) = r + 15. Suppose 3*x + 5*w + 28 = 7, 0 = -2*x - 3*w - 15. Calculate o(x).
3
Let n(s) = s - 4. Let f be n(3). Let i(p) be the second derivative of -5*p**4/6 - p**3/6 - 481*p. Calculate i(f).
-9
Let a(o) be the second derivative of 8*o - 4*o**2 + 1/60*o**5 + 1/8*o**4 + 0 - 5/6*o**3. Let u(z) be the first derivative of a(z). Calculate u(-5).
5
Let d(a) = -a**3 + 4*a**2 + 4*a - 2. Let n(i) = -i**2 - 7*i + 2. Let j be n(-6). Suppose -y = -6*y - 7*y. Suppose y = 2*l - 0 - j. What is d(l)?
14
Let c(h) = h**2 - 2. Let y(f) = f**3 + 4*f**2 - 4*f + 7. Let b be y(-5). Let n be c(b). Let q(l) = 5*l**3 + 4 - 6*l**n - 8*l**3 + 2*l**3 - 4*l. Give q(-5).
-1
Suppose -4*w + 46 = 78. Let u(t) = -t - 11. Calculate u(w).
-3
Let y(b) = 4*b**2 + b + 2. Let j(i) = i**3 - 27*i**2 - 12*i + 3. Let h(m) = j(m) + 5*y(m). Determine h(8).
21
Suppose 3*b = 9*b - 48. Let i(r) = -3*r**2 - 1 - 50*r**3 + b*r**2 + 4*r + 51*r**3. Let f(k) = 5*k + 1. Let h be f(-1). What is i(h)?
-1
Let a(j) = 106*j - 55*j + 0 + 0 - 2 - 47*j. Determine a(-1).
-6
Let n(h) = h**2 + h + 5. Let z be n(0). Let k(p) = -p - 8. Let t(y) = 4*y + 25. Let s(r) = -7*k(r) - 2*t(r). Let u be s(z). Let i(b) = -2*b + 1. What is i(u)?
-1
Let l(j) = 6*j + 1 - 3*j - 2. Let k(r) = 40*r + 3277. Let m be k(-82). Give l(m).
-10
Let l(v) = -4*v + 1 - 10*v**2 + 3*v + 5*v**2. Let h = 69 - 71. What is l(h)?
-17
Let k(i) be the first derivative of i**4/6 + i**3/3 + 3*i**2/2 - 2*i + 3. Let j(m) be the first derivative of k(m). What is j(-2)?
7
Let z(l) = -l**3 + 7*l**2 - 6*l + 4. Let j be z(6). Suppose -j + 19 = 5*v. Let x(b) = -2*b + b - 2 + b**2 - 2. Give x(v).
2
Let w(j) = -j - 3. Let i be w(3). Let f = 0 + i. Let k(g) = g**2 + 0*g**2 - 3*g**2 + 3*g**2 + 9 + 9*g. Calculate k(f).
-9
Let f(w) be the first derivative of -w**4/4 - 8*w**3/3 + w**2 - w - 150. Give f(-8).
-17
Let q = 112 - 114. Let b(j) = 3 + j + 3*j + 184*j**2 + 0 - j**3 - 185*j**2. Calculate b(q).
-1
Let c(t) = t. Let s(o) = 1. Let z(p) = -3*p**2 + 4*p + 4. Let d(h) = -5*s(h) + z(h). Let m(k) = 3*c(k) - d(k). Suppose -4*l + 6*l + 4 = 0. What is m(l)?
15
Let b(t) = t**2 + t + 3. Let w(r) = -r**2 - 2. Let p(q) = 6*b(q) + 5*w(q). Suppose 25*m + 127 = -23. What is p(m)?
8
Let t = 41 - 39. Let k(z) = -2*z + 5*z**2 - 2*z**3 + 2 - 4*z**2 + 2*z**2 - z**2. Give k(t).
-10
Let i(a) = 6*a + 0*a + 17*a**2 + 25*a**2 + 1 + 0*a**3 + a**3 - 34*a**2. Determine i(-7).
8
Let i(j) be the third derivative of j**4/8 + j**3 - 10*j**2. Let q(k) = k + 3. Let u(t) = 4*i(t) - 10*q(t). Calculate u(5).
4
Suppose 3*v - 14*v + 44 = 0. Let s(q) = q**3 - 3*q**2 + 3*q - 2. What is s(v)?
26
Let o = 69 - 67. Suppose 3*a - 5 = -o. Let y(b) = -3*b. Determine y(a).
-3
Let g(n) = 3*n - 26. Suppose -4*c + 60 = 8. Let j = -19 + c. Let k(q) = -q + 9. Let x(a) = j*g(a) - 17*k(a). Give x(0).
3
Let m(p) = 2*p + 6. Let s be 4/10 - (-168)/30. Suppose -10*t + s = -12*t. Let a(x) = x - 2. Let d be a(t). Give m(d).
-4
Let g(l) = -2*l**2 + 9*l - 12. Let m(f) = -3*f**2 + 10*f - 14. Let o(s) = -5*g(s) + 4*m(s). Give o(-4).
-8
Let z(p) = -p + 21. Let o be z(15). Let d(m) = m - 1. Let j be d(3). Let q(f) = 6*f + 3*f**j + 4*f**2 - 8*f**2 + 5. Give q(o).
5
Let t(m) be the first derivative of 1/3*m**3 + 54 - 4*m**2 + 9*m. Determine t(8).
9
Let h(x) = x**3 - x**2 + x - 3. Let c(z) be the second derivative of -z**5/20 + z**4/4 + 5*z**3/6 - 2*z**2 + 8*z. Let b be c(4). Give h(b).
-3
Suppose 5*h - 15 = -0*j - 4*j, 4*h - 5*j - 12 = 0. Let b(q) = q + 10 - 1 - h + 4. Determine b(-5).
5
Let z = 1978 + -1981. Let s(i) = 2*i**2 + i - 3. Give s(z).
12
Let v(b) = b**3 - 7*b**2 - 2*b + 5. Suppose 0 = 3*c - 11 - 10. Calculate v(c).
-9
Suppose 3*k + 2 = d, k + 2*k = -2*d + 22. Let n(o) = -8*o + 3. Give n(d).
-61
Let p(q) = q + 1. Let u(s) = s + 4. Let l be u(-4). Suppose l = -2*f - 28 + 18. What is p(f)?
-4
Let z(q) = -7*q - 1. Let l(a) = -6*a + 1. Let d(r) = 5*l(r) - 4*z(r). Give d(5).
-1
Suppose -77*r = -73*r + 40. Let w(h) = -h**3 - 12*h**2 - 20*h - 4. Give w(r).
-4
Let q(k) = -3*k - 17. Let w(v) = v + 8. Let o(g) = -q(g) - 2*w(g). What is o(1)?
2
Let k(l) = l + 4. Let j be 3 + (3 - 0) + -2. Suppose 5*p = 2*m - 41, j*m - 4*p - 89 = -p. Let n be 9/12 - m/4. Calculate k(n).
-1
Let u(i) = i**2. Let d(w) = w**3 - 34*w**2 + 34*w - 36. Let v be d(33). What is u(v)?
9
Let p be -2*21/24*-4. Let u(r) = r**2 + 3 + 2*r - p*r + r**2. Let g be 2/(-8) + 143/44. Determine u(g).
6
Let m(f) = -f**2 - 9*f + 11. Let z(j) = -10*j - 21 + 21. Let v be z(1). What is m(v)?
1
Let h(k) = -12*k**2 + k. Let q be 11*(-1)/3*-3. Let t = 15 - q. Suppose 4*j + 5*p - 20 + 6 = 0, j = t*p - 7. Give h(j).
-11
Suppose 2*z - 3*a + 23 = 0, 0*z + 4*z - 2*a + 42 = 0. Let d(p) = p**2 + 8*p - 14. Calculate d(z).
6
Let d(y) = -y**3 + 7*y**2 + 3*y - 9. Let l = 18 - 11. Let f be d(l). Let p(c) = -f + 7 + 10 - c**3 + 3*c - 8*c + 6*c**2. Give p(5).
5
Let y(f) = 6*f + 47 + 0*f + f**2 - 46. Calculate y(-5).
-4
Let u(z) = 3 + 3*z**2 - z**3 - 12*z**2 + 3*z**2 + 5. Give u(-6).
8
Let v(l) be the first derivative of 3*l + 6 - 1/6*l**3 + 2*l**2. Le